-1211220200120?
1211220200112
In base 7, what is 22 + -654?
-632
In base 6, what is -153214040 + 51?
-153213545
In base 8, what is -141742 + -1551?
-143513
In base 16, what is 885 + -15fa8?
-15723
In base 10, what is 213990 + -461?
213529
In base 11, what is 105 + -6254?
-614a
In base 8, what is 2 - -10247403?
10247405
In base 9, what is -2131461436 + 2?
-2131461434
In base 7, what is 54 + -65303001?
-65302614
In base 13, what is -164 - 54810?
-54974
In base 6, what is -3245 - -3433443?
3430154
In base 12, what is 49a2 + 10b78?
1595a
In base 10, what is -12872 - -10648?
-2224
In base 9, what is 15052 - -520?
15572
In base 11, what is 17a + -31829?
-3165a
In base 6, what is -24204000104 - -2?
-24204000102
In base 2, what is 10010011010010000100011 - -1000?
10010011010010000101011
In base 6, what is -251151110 - -3?
-251151103
In base 3, what is -222 - 20221022221?
-20221100220
In base 5, what is -3230 + 1310204?
1301424
In base 4, what is 2330101 - 1111123?
1212312
In base 12, what is -3 + -261671?
-261674
In base 4, what is 1022 + -1131312332?
-1131311310
In base 9, what is 64 - -512105?
512170
In base 7, what is -2013 - 62651?
-64664
In base 5, what is 1432300 - 30?
1432220
In base 9, what is -3 - -10520288?
10520285
In base 10, what is 35888505 + 5?
35888510
In base 9, what is 1070507 - 544?
1068853
In base 12, what is 0 - -124082b8?
124082b8
In base 15, what is -914 - 1a8e5?
-1b309
In base 9, what is 3014854 - -4?
3014858
In base 14, what is 4 - 1d3827?
-1d3823
In base 16, what is 4e35 + 15e?
4f93
In base 4, what is -100 - 10212203203?
-10212203303
In base 15, what is 199ca - 148?
19882
In base 7, what is -16 - 130413223?
-130413242
In base 4, what is 13011001133120 - 0?
13011001133120
In base 14, what is 271b0d + 14?
271b23
In base 13, what is 709 - -2c57a?
2cc86
In base 11, what is -582a - 12239?
-17a68
In base 6, what is 2315110300 - 3?
2315110253
In base 13, what is -ab6 + -b132?
-bc18
In base 6, what is 144 - 51351441?
-51351253
In base 8, what is 361562 - -1244?
363026
In base 11, what is 4a28 + -37029?
-32101
In base 5, what is -2331313342 + 1?
-2331313341
In base 15, what is 1 + -90532d1?
-90532d0
In base 10, what is 1 - 151963788?
-151963787
In base 2, what is -111111001000011100010110010 + 101?
-111111001000011100010101101
In base 13, what is 1732 - -1385?
2ab7
In base 11, what is -1 + -6151453?
-6151454
In base 14, what is 990 - 6b8?
2b6
In base 5, what is -41144210140 - 2?
-41144210142
In base 2, what is 1110110001 - -100100101001101?
100110011111110
In base 12, what is -4039862 - -2?
-4039860
In base 5, what is -3343 + -30104422?
-30113320
In base 15, what is 27d544 - -2?
27d546
In base 4, what is 12332 - -3013213303?
3013232301
In base 13, what is 11 - -23356c?
233580
In base 8, what is -44 + -3636431?
-3636475
In base 14, what is -3 - 5baa3?
-5baa6
In base 11, what is -61 - 5817a?
-58230
In base 5, what is -3033 + -2030201?
-2033234
In base 11, what is -1042a - 195?
-10614
In base 14, what is -4155 - 1b271?
-213c6
In base 13, what is -24 + -39548?
-3956c
In base 11, what is -39687 - -382?
-39305
In base 7, what is 4134 + -635?
3166
In base 11, what is -1 - 58815110?
-58815111
In base 7, what is 441250 - 44?
441203
In base 11, what is -26536 - -745?
-258a1
In base 2, what is -1011110 + 1111011110111101?
1111011101011111
In base 8, what is 32 - -171225?
171257
In base 8, what is -2654060 + 217?
-2653641
In base 3, what is -1102210200 - -2202?
-1102200221
In base 13, what is 71a747 + -5b?
71a6b9
In base 4, what is -122 - -301011302?
301011120
In base 7, what is 2 + 46255503?
46255505
In base 6, what is 4444 + 14051110?
14055554
In base 7, what is 10122354 + 255?
10122642
In base 7, what is 64 - -533124?
533221
In base 5, what is 0 - 141344122101?
-141344122101
In base 13, what is -c34 - 64c5?
-7429
In base 10, what is 4 - 119531446?
-119531442
In base 7, what is -45455 + -61?
-45546
In base 6, what is 2145 + -112545?
-110400
In base 2, what is 100010 - 1111001110101111010010101?
-1111001110101111001110011
In base 11, what is 657 - 8992?
-8336
In base 14, what is 2410112 + 0?
2410112
In base 5, what is -3424412 + 410?
-3424002
In base 3, what is 12 + 112122221212?
112122222001
In base 5, what is 110134122 + 344?
110140021
In base 12, what is -5000 + -347?
-5347
In base 7, what is 1 + -36120424?
-36120423
In base 3, what is -1022210201 + 111220?
-1022021211
In base 10, what is -13 - -3425162?
3425149
In base 9, what is -13160252 - 14?
-13160266
In base 4, what is 12 + -3100200013?
-3100200001
In base 6, what is 141 + 144000435?
144001020
In base 16, what is -12889 + -19?
-128a2
In base 9, what is 85173 + -60?
85113
In base 7, what is -4514 - -531611?
524064
In base 13, what is 1900 + -c3?
180a
In base 13, what is 1ac + -6ac7a?
-6aa9b
In base 6, what is -1101 + -530032?
-531133
In base 7, what is 52600 + -1411?
51156
In base 13, what is 1471 + -1c01?
-760
In base 6, what is 3232541 + -114?
3232423
In base 2, what is 10001111 - -110001011100100?
110001101110011
In base 5, what is 44402123 + 2222?
44404400
In base 9, what is -5144615 + -35?
-5144651
In base 7, what is -124 + 2205125?
2205001
In base 13, what is -2a12 + -2054?
-4a66
In base 12, what is 0 + -14657494?
-14657494
In base 12, what is 61 - 3374b?
-336aa
In base 11, what is 55231722 - -5?
55231727
In base 4, what is -20231233031 - 10?
-20231233101
In base 6, what is -23450 + 52300?
24410
In base 13, what is -13 - 809960?
-809973
In base 14, what is -1c9251b6 - 1?
-1c9251b7
In base 6, what is 1151414334 - -4?
1151414342
In base 12, what is 839b + -300?
809b
In base 9, what is -151 - 4383?
-4544
In base 3, what is 2022211210000010 - 1?
2022211210000002
In base 3, what is -2022211112121120 + -20?
-2022211112121210
In base 11, what is -5 + -13546883?
-13546888
In base 14, what is 19259d3b - -2?
19259d3d
In base 6, what is 1011511 - 3501?
1004010
In base 5, what is -13 - -20240210031?
20240210013
In base 12, what is 22a3 - -417a?
6461
In base 10, what is 4512 - -51738?
56250
In base 15, what is -c336 - -508?
-bd2d
In base 13, what is 2 - 86c797?
-86c795
In base 16, what is de - 1d372?
-1d294
In base 15, what is 243 + -21e?
24
In base 13, what is -a50bccc - 5?
-a50c004
In base 6, what is 140123 + 224224?
404351
In base 11, what is 198a0 - 1832?
18069
In base 11, what is 1859291a1 + 3?
1859291a4
In base 16, what is -d35d + d9f?
-c5be
In base 8, what is 143417030 + -5?
143417023
In base 2, what is -1 - 1011011010011011100001?
-1011011010011011100010
In base 13, what is 3 - -40c2bb9?
40c2bbc
In base 5, what is -10 - -301443312?
301443302
In base 11, what is -653 + -158292?
-158935
In base 6, what is 44400104 - 11?
44400053
In base 4, what is -3123 + 1121310?
1112121
In base 4, what is 0 - 1311220201103?
-1311220201103
In base 8, what is 262050337 - 5?
262050332
In base 10, what is 5 + 23399254?
23399259
In base 13, what is c54b986 - -8?
c54b991
In base 10, what is -9 + 5582073?
5582064
In base 3, what is 100211 + 121112001?
121212212
In base 11, what is -174 + 68811?
68648
In base 9, what is 133267245 + 5?
133267251
In base 12, what is -533a754 - -4?
-533a750
In base 13, what is -5966 + -3b3a?
-97a3
In base 14, what is 74b963 + -34?
74b92d
In base 8, what is 123 - 56504?
-56361
In base 11, what is -47 - 299906?
-299952
In base 13, what is -1 - 973c00?
-973c01
In base 4, what is 13 + -2103032121?
-2103032102
In base 4, what is 31110 - 2200100?
-2102330
In base 15, what is 57db4 + -ac?
57d07
In base 9, what is 15 - -20380382?
20380407
In base 3, what is -12 + 21012202200121?
21012202200102
In base 2, what is -1010010110 - -10010011111011100?
10010010101000110
In base 2, what is -111010001110 - 11110100010011000?
-11111011100100110
In base 15, what is 56b + -14ec?
-e81
In base 10, what is 0 - -263936?
263936
In base 11, what is 2 - -16659a8?
16659aa
In base 5, what is 323043 + -111420?
211123
In base 16, what is 37 + 110ed?
11124
In base 5, what is 4 + -1244033401?
-1244033342
In base 3, what is -1021002 - 121101111?
-122122120
In base 12, what is -262b2b5 + 1?
-262b2b4
In base 5, what is 423314342 - -14?
423314411
In base 3, what is 120 + -11001202211222?
-11001202211102
In base 16, what is 12 - 610e1c?
-610e0a
In base 8, what is 44 + -1336542?
-1336476
In base 3, what is 22 - -1